alculate h(-1).
-11
Let o(m) = 19*m**3 + 5*m**2 - 13*m + 6. Let n(d) = -30*d**3 - 8*d**2 + 20*d - 9. Let z(c) = -5*n(c) - 8*o(c). Give z(2).
-11
Let z(a) be the third derivative of -a**4/8 + 4*a**3/3 - 73*a**2. What is z(6)?
-10
Let f(x) = 22*x + 1. Let m be (2/10)/(2/(-20)). Determine f(m).
-43
Let a(o) = 19*o**3 + 13*o**2 + 44*o + 18. Let p(u) = 7*u**3 + 4*u**2 + 15*u + 6. Let w(s) = 4*a(s) - 11*p(s). What is w(9)?
24
Let i(k) be the first derivative of -2*k**3/3 + 5*k**2/2 + 3*k - 1. Let u(c) = 8*c**2 - 21*c - 5. Let y be u(3). Give i(y).
-9
Let o = -45 + 61. Let y(c) = -2*c**2 + 32*c - 3. Let u be y(o). Let s(j) = -j**2 + j + 2. Let a(x) = -3*x**2 + x + 5. Let p(v) = -2*a(v) + 5*s(v). What is p(u)?
0
Suppose 0 = -2*b + 3*s - 7, 4*b = -0*s - 2*s - 6. Let i(o) be the second derivative of o**5/20 + o**4/12 - o**3/3 - o**2/2 + o + 134. Calculate i(b).
-1
Let j(s) be the second derivative of 27*s + 0 - 1/2*s**3 - 1/2*s**2. Give j(5).
-16
Let c(b) = -b**3 + 3*b**2 + b. Let g(n) = -n**2 + 43*n + 48. Let h be g(44). Let i = -36 - -58. Suppose 2*r + 10*q - 5*q = -16, -h*q = -3*r + i. Determine c(r).
6
Suppose u + 17 = 3*w - 2, -u - 2*w + 1 = 0. Let m(r) = r**3 + 8*r**2 + 9*r + 7. What is m(u)?
-7
Let z(k) be the third derivative of -k**7/5040 + k**6/80 + k**5/10 - 25*k**2. Let v(x) be the third derivative of z(x). Calculate v(4).
5
Let j be 1/4 + 342/(-24). Let w be (-79)/(-9) - j/63. Suppose -2*s = s - w. Let z(v) = -v**2 + 3*v + 1. What is z(s)?
1
Let a(n) = -10*n - 55. Let t(g) = 6*g + 29. Let d(s) = 4*a(s) + 7*t(s). Calculate d(13).
9
Let h(o) = 10*o - 151. Let m(t) = -t + 15. Let r(f) = -h(f) - 8*m(f). Determine r(14).
3
Let n be (-2)/(4*(-3)/(-48)). Let i be (n/14)/((-10)/35). Let k(q) = -3*q**2 - 2*q**2 + 7*q**2. Calculate k(i).
8
Let c(k) = k**3 + 1. Suppose -5*j - 62 = 3*z, 20 = -2*j - 2*j + 5*z. Let q = j - -9. Let b(l) = -5*l**3 - l**2 + l + 3. Let u(w) = q*b(w) + 2*c(w). Give u(-1).
-6
Let v = -175 - -174. Let u(r) = 4*r**2 + r + 1. What is u(v)?
4
Suppose -20 = 4*r, -4 - 16 = 5*u + r. Let j(f) = 4*f - 2. Calculate j(u).
-14
Let y be (1/2 - 0)/(13/78). Let r(q) = -q**3 + 2*q**2 + 4. Determine r(y).
-5
Let i(d) be the third derivative of d**4/12 - d**3/6 - 5*d**2. Let x(z) = -z + 1. Let g = -2 + -3. Let u(b) = g*x(b) - 2*i(b). Give u(4).
1
Let i(l) = -l**2 + 4*l + 5. Let h(s) = 2*s + 2. Let p = -29 + 30. Let w be h(p). Calculate i(w).
5
Let c(w) = -24*w. Suppose -4 = -19*y + 15*y. Determine c(y).
-24
Suppose -5*k - 4 = -4*k. Suppose -4*w - 90 = -2*z, z - 9 - 21 = -w. Let l(h) = 6*h**2 + z*h**3 - 34*h**3 - 6 + 5*h + 2. What is l(k)?
8
Suppose 3*l + 4*m = 44, 10*l = 15*l + 4*m - 60. Let u(g) = g**3 - 7*g**2 - 7*g + 1. Give u(l).
9
Let f = 32 + -27. Suppose 0 = -2*x - 2*m + 14, 0 = f*x - 5*m + m + 1. Let j(p) be the third derivative of p**6/120 - p**5/15 - p**3/6 - p**2. Calculate j(x).
-10
Let j(i) = i + 4. Suppose -10 = c - 39. Let m = -34 + c. Let y(t) = t**2 + 9*t + 11. Let z be y(m). Calculate j(z).
-5
Let m(u) = 8*u**3 + 3*u**2 - 5*u**2 + 7*u + u - 6*u - 2 - 5*u**3. Give m(2).
18
Let v(m) = -5*m**2 + m - 4. Let h(y) = -y**2. Let p(l) = 6*h(l) - v(l). Let w = 49 + -53. Let n = 4 + w. What is p(n)?
4
Let y = 37 - 32. Let q(z) = 2*z - 2. Let s be q(3). Let u(p) = -6 - 2*p - s*p + p**2 + 1 + 6. Give u(y).
-4
Let l(h) be the third derivative of h**4/6 - 43*h**3/6 - 24*h**2. Let s be l(9). Let m(b) = -b**2 - 6*b - 1. Determine m(s).
-8
Let s(h) = 40*h + 46*h + 1 + 7*h**2 - 129*h + 40*h. What is s(3)?
55
Let x = 7 + -2. Suppose 3 = -2*k - x, 2*k = 2*b + 34. Let h = -19 - b. Let c(g) = -2*g - 2. Calculate c(h).
-6
Let p be ((15/25)/(2/(-5)))/((-81)/(-108)). Let s(w) = -7*w**2 + w - 7. Let x(u) = -u**2 + u - 1. Let h(v) = -s(v) + 5*x(v). Give h(p).
2
Let j(h) = -h + 3. Let t(n) = n**3 - 5*n**2 + 7. Let i = 28 - 23. Let g be t(i). Calculate j(g).
-4
Suppose 3*v = -4*z - 3, 5*z - 4*v + 1 = -5*v. Let q(o) = 17 - o**2 + 3 - 28. Calculate q(z).
-8
Let f(s) = 4*s**2 - 674*s + 328*s + 1 + 348*s. Let v(p) = -p**3 - 8*p**2 + 9*p - 2. Let n be v(-9). Calculate f(n).
13
Suppose -9 = 3*r - 54. Let h(k) = k**2 - 5*k - 2 - r*k + 17*k. What is h(2)?
-4
Let b(q) = 4400*q**2 - 123*q**3 - 6 - 4405*q**2 - 5*q + 122*q**3. Let r(k) = -k**3 + 3*k**2 + k. Let n be r(3). Let z be 2*-2*(n - 2). Calculate b(z).
-2
Let f be 2/6*(-9 + 12). Let c(y) = -5*y - 4 + f + 0*y + 4*y**2 + y**3. What is c(-5)?
-3
Suppose 0 = 14*x - 39*x. Let p(s) = -s**3 - 2*s + 7. What is p(x)?
7
Let f(z) = -6*z**3 + 5*z**2 - 4*z + 7. Let l(w) = -7*w**3 + 6*w**2 - 5*w + 8. Let q(i) = -6*f(i) + 5*l(i). What is q(0)?
-2
Suppose 48 = -5*i - 3*x, -4*x - 8 = -4. Let t(c) = c**3 + 8*c**2 - 11*c - 11. Give t(i).
7
Let z(y) = 15*y + 9*y + 8*y + 10 + 2*y - 30*y. Calculate z(6).
34
Suppose q + 0*q - 6 = 0. Let r(p) = -6 - p + 25 - 15. Determine r(q).
-2
Let o(j) = 3*j - 9. Let m(r) = -r + 3. Let n(u) = -11*m(u) - 4*o(u). Let i(p) = 5*p + 14. Let w be i(8). Let q = w - 50. What is n(q)?
-1
Let d(s) = -10*s - 1. Let o = -387 + 388. What is d(o)?
-11
Let z(s) be the third derivative of 47*s**5/60 + s**4/24 + 63*s**2. Calculate z(-1).
46
Let n(q) = -q**3 - 5*q**2 - 4*q. Suppose 10*h + 2 = 2. Suppose 7*y - 2*y = 4*o - 24, 2*y + 4*o + 4 = h. Calculate n(y).
0
Let a(u) = u**3 - 5*u**2 + 4*u. Let w = -27 + 32. Give a(w).
20
Let u(g) = g**3 - 5*g**2 - 8*g + 6. Let d(o) = 5*o + 14. Let s be d(-4). Let y be 54/(-4)*(-4)/s. Let q be -17 + 14 - y*1. Give u(q).
-6
Let v be (-13)/((-234)/45)*(-24)/(-10). Let j(c) = 11*c**2 + 6*c + 3. Let l(d) = 5*d**2 + 3*d + 2. Let u(y) = -6*j(y) + 13*l(y). Calculate u(v).
-10
Let r be (-2)/((-4)/2) + (-2705)/541. Let p(v) = v**2 + 10*v + 6. Let a(l) = -l. Let j(m) = 3*a(m) + p(m). Give j(r).
-6
Let n be ((-6)/(-4))/(3/36). Suppose -2*q - z = 2 - n, 17 = 3*q - 2*z. Let m(f) = 6*f - 8 - f + f - f**2 + 3*f. Calculate m(q).
6
Let h(v) = 10*v**3 - v**2 - 2*v + 2. Let d = 259 + -258. Give h(d).
9
Suppose a - 8 = -3*a. Suppose 4*d - 2*d = 6. Let z(f) = -11*f**a + 2 + 13*f**2 - 10*f**d - 3. Determine z(1).
-9
Suppose -5*s + 40 = 3*x, 84*s - 88*s + 5*x + 69 = 0. Let q(l) be the third derivative of -l**3 + 1/12*l**4 + 0*l - s*l**2 + 0. Determine q(6).
6
Let v(l) = -l**3 + 5*l**2 - 4*l - 5. Let n be v(4). Let s(z) = -6*z + 5. Let p(b) = 5*b - 2. Let m(o) = -3*p(o) - 2*s(o). What is m(n)?
11
Let m(v) = 45*v - 86*v + 8 + 45*v. Give m(-5).
-12
Let y(z) = z**3 + 7*z**2 + 11*z - 7. Let w be y(-5). Let a = -13 + 30. Let s = a + w. Let v(p) = -p**3 + 4*p**2 + 5*p + 3. Give v(s).
3
Let b(h) = h**2 - 1. Let n be b(2). Let d(x) be the first derivative of -x**3/3 + x**2/2 - 24. What is d(n)?
-6
Suppose 0 = 11*w + 21 - 109. Let q(j) = -1. Let r(h) = -h**2 + 9*h - 10. Let t(u) = 4*q(u) - r(u). Calculate t(w).
-2
Let i(h) = h**3 + 8*h**2 + 6*h - 7. Let d(f) = -2*f + 29. Let p = 85 + -67. Let v be d(p). What is i(v)?
0
Let f(z) = -z + 2*z + 3 + 1 + 2*z. Let c(u) = 4*u + 3. Let p(j) = 4*c(j) - 5*f(j). What is p(0)?
-8
Let t(k) be the first derivative of k**4/4 + 13*k**3/3 + k**2 + 31*k - 16. Let v be t(-13). Let f(i) = i - 6. Calculate f(v).
-1
Suppose 4*q - 47 = -q + 4*o, 0 = -3*q + 4*o + 33. Suppose z - q - 11 = -y, -3*y + 54 = -4*z. Let j = 14 - y. Let f(r) = r**2 + r - 2. What is f(j)?
10
Let n(y) = 6*y**2 + 18*y + 11. Let i(w) = 6*w**2 + 16*w + 9. Let c(v) = -7*i(v) + 6*n(v). Determine c(1).
-7
Let x(o) = -o**2 - o - 1. Let l(w) = w + 5. Let z be l(-6). Let d(p) = 7*p**2 + 10*p + 3. Suppose -30 - 42 = 12*j. Let u(i) = j*x(i) + z*d(i). What is u(-5)?
-2
Let z(a) = 4*a + 2. Let d = -26 + 24. Let y be 20/(-8) + d/(-4). Determine z(y).
-6
Let i(f) be the second derivative of -2/3*f**3 - 1 - f + 1/4*f**4 + 2*f**2 + 1/20*f**5. Let g be 2/2*-5 - -1. Calculate i(g).
4
Suppose -9*t - 6 = -8*t. Let j = 0 - t. Suppose -13 = -j*f + 11. Let b(s) = -3*s + 2. Determine b(f).
-10
Let i(x) = 2*x**2 + 29*x - 13. Let w(l) = l**2 + 15*l - 7. Suppose 63 = f - 10*f. Let a(r) = f*w(r) + 4*i(r). Give a(-11).
-3
Let m = 955 - 966. Let k(t) = -t**2 - 13*t - 9. Give k(m).
13
Let s(j) = j**3 - j. Let g(n) = 4*n - 8*n**2 + 4 + n**3 + 5 - 2*n. Let i be g(7). Let p = -27 - i. Calculate s(p).
0
Let a(b) = b**3 - 7*b**2 + 5*b + 4. Let g(x) = 40*x + 44. Let s be g(-1). What is a(s)?
-24
Let x(p) = p**2 - 18*p + 17. Let c be ((-1)/(-4) 